e (-4 + 6 - -10)*x/12. Let o(r) = 8*r - 4. Give o(i).
20
Let a = -1 - -1. Let q(c) = 0 + c - 3 + a. Suppose 613 + 1126 = 282*k - 235. Determine q(k).
4
Let a(v) = -5*v**3 - 6*v - 1. Let n be 1 - (0 + -1) - (-29 - -30). Let r(b) = b**3 - b**2 + b. Let g(p) = n*a(p) + 4*r(p). Determine g(-4).
7
Let y(h) = 15*h + 415. Let x be y(12). Let w(l) = 302*l + 294*l - x*l - 12. Give w(4).
-8
Let b be (-44 + 36)*(13/(-8) + 1). Let i(x) = -6*x - 4 + x**2 + 0 + 3. Determine i(b).
-6
Let b = -144473 - -144468. Let k(m) = -4*m**2 + 14. Let z(i) = -3*i**2 + i + 13. Let r(n) = -4*k(n) + 5*z(n). Determine r(b).
9
Let h(q) = q - 2. Let j(y) = -189*y + 97*y + 2 - y**2 + 95*y - 5*y**3. Let x be j(-1). Determine h(x).
1
Let b(i) = -i**3 + 8*i**2 - 21*i + 7. Suppose -64 + 155 = -13*n, -p = n + 4. Calculate b(p).
-11
Let r = -983 - -987. Let w(t) = -6*t**3 - 1. Let h be w(-1). Suppose 2*i = j + 8, h*j - i = 2*j - r. Let z(x) = -2*x + 6. What is z(j)?
6
Let t(i) = 21*i**3 + 1. Let h(w) = -22*w - 309. Let v be h(-14). What is t(v)?
-20
Let v(w) be the third derivative of 3*w**4/4 - 139*w**3/6 - 14957*w**2. Give v(9).
23
Let a(m) = -6 - 3*m + 3 + m - 4 + 3*m. Determine a(2).
-5
Let u(b) be the third derivative of -b**4/12 + b**3/2 + 6*b**2. Let k be u(4). Let r(i) = -3*i**2 - i - 5*i - 16*i**2 + 0*i - 3 + 18*i**2. What is r(k)?
2
Let w be ((-6)/(-6))/(2/(-8)). Suppose -3*v + 2*p + 12 = 0, 0 = -4*v - v + p + 13. Let z(b) = 19 + 5*b**v - 17 - 3*b**2 + 6*b - 5*b**2 - b**3. Determine z(w).
-6
Let u(h) = -h + 1. Suppose -2*b - 92 = -2*q, -3*q - 2*b + 116 = -17. Let n = q + -40. Calculate u(n).
-4
Let m(g) = 15*g**2 + 9*g - 29. Let h(q) = -29*q**2 - 17*q + 73. Let i(b) = 2*h(b) + 5*m(b). Give i(-1).
7
Let i be (-2)/(2 + -10)*(1322 - 1298). Let l(t) = -3*t**2 - 6*t + 0 - 3 + 4*t**2. Calculate l(i).
-3
Let j(t) = -3 - 7 - 683971*t**2 + 9*t + 683972*t**2. Give j(-10).
0
Let q be (-994)/(-2) + 5*(-9)/15. Let l = -485 + q. Let j(m) = m**2 - 12*m + 1. Calculate j(l).
-26
Suppose 13*x - 32*x = 190. Let o(i) = i**3 + 9*i**2 - 9*i - 16. Give o(x).
-26
Let u(o) = -o**3 - 11*o**2 - 10*o - 2. Suppose 61*y - 4*n = 59*y - 28, n = 2. Calculate u(y).
-2
Suppose 0 = 3*l + 203 - 2. Let g = l + 80. Let m(p) = -3*p + 19. Give m(g).
-20
Let n(y) be the second derivative of y**6/120 - 3*y**5/20 + 7*y**4/24 - y**3/3 - 48*y**2 + 19*y. Let m(c) be the first derivative of n(c). Determine m(8).
-10
Let w(a) = 2*a**3 - a**2 - 2*a. Suppose -40*p + 34*p - 810 = 0. Let t be -1*p/30*8/(-18). What is w(t)?
-16
Let g = -66 - -60. Let u be (g/7)/(7/(-441)). Let f(t) = 118*t + 1 - 62*t - 3*t**2 - u*t. Determine f(2).
-7
Let f(o) be the first derivative of o**4/4 + 43*o**3/3 - 22*o**2 + 5040. Determine f(-44).
0
Suppose 7*k = 5*k + 6. Let i(c) = 1 - 3*c - 4*c - k + 6*c. Let f(l) = l**3 + 13*l**2 - 26*l - 2. Let j be f(2). Give i(j).
-8
Let f(s) = s + 10. Suppose -6*j + 86 + 136 = 0. Suppose j*w = 39*w - 4. Suppose -3*n + 4*m - 23 = 0, 0 = -4*m - w - 2. Calculate f(n).
1
Let h be (-2 - 3 - -2)*-1. Suppose 2*o = 4*m + m - h, 4*m = o. Let z(k) = k - 4. Let c be z(o). Let d(s) = -s**2 - 8*s - 5. Calculate d(c).
-5
Let w be (-2607)/(-158)*4/(-3). Let n(x) = x**2 + 21*x. Calculate n(w).
22
Let a(c) = 2*c - 111*c**3 - 59*c**2 - 4 + 52*c**2 + 112*c**3. Determine a(5).
-44
Suppose 2*u - 12 = 28*a - 23*a, 0 = -3*a - 2*u - 4. Let p(f) = 3*f + 2. Determine p(a).
-4
Let n(g) = 18*g + 3. Let x(z) = 22*z + 4. Let s(a) = 3*n(a) - 2*x(a). Let c be ((-5)/(-5))/(1/(-2)). Give s(c).
-19
Let y(p) = -2*p**3 - 3*p**2 + 5*p + 2. Suppose -2*l - 3*l + 4*z = -118, z = -5*l + 108. Suppose -3*q - 12 = 0, l*q = -o + 19*q - 15. Give y(o).
14
Let x(u) = -2*u + 12. Let h(m) = 5*m + 127. Suppose 16*n = n - 360. Let d be h(n). Determine x(d).
-2
Let z(i) = -4 + 14*i - 7*i - 4*i - 5*i. Let a be z(-3). Suppose -18 = 3*x - a*h, 3*h = -3*x + 2*h - 9. Let r(u) = u + 6. Determine r(x).
2
Let r(q) be the second derivative of 1/2*q**2 + 0 + 1/6*q**3 + 44*q. Determine r(1).
2
Suppose 4*q = -5*m - 12, -10*q = -11*q + m + 6. Suppose -2*s + 3 = -h, -s - h = -3*h + 6. Let i(a) = 1 - q*a - 7*a + s*a - 2*a. What is i(-2)?
15
Let a(q) = -51*q**3 + 34*q**2 + 6*q - 23. Let y(p) = -10*p**3 + p + 2. Let f(u) = a(u) - 5*y(u). Determine f(34).
1
Let c(q) = 3*q**2 - 13*q - 10. Let w = -24 - -28. Suppose s + 2*z = 15, 5*s - s = -w*z + 40. Let i be c(s). Let x(g) = g**2 + 2. Give x(i).
2
Let f(d) = 165 - 64 - 2*d - 53 - 59. What is f(11)?
-33
Let c(y) = -5*y**2 - 13*y + 6. Let w(n) = -n**2 - n. Let l(q) = c(q) - 6*w(q). Let a be l(2). Let r(p) = -p - 16 - 9 + 21. Determine r(a).
0
Suppose 0 = -2*l + 3*i + 8 - 2, -5*i - 14 = -2*l. Let h be (-7)/(-1*l/(-18)). Suppose -h = 24*z - 30*z. Let g(k) = k - 8. Determine g(z).
-1
Let p(d) = -2*d - 2. Suppose -k = k - 4*u - 24, 5*k = 2*u + 20. Suppose -4*n - k*g + 432 = 0, -5*n - 2*g + 525 = -7*g. Let m = 104 - n. Calculate p(m).
4
Let k(w) be the third derivative of 0*w - 1/120*w**6 + 2/3*w**3 - 4*w**2 - 1/20*w**5 - 19 + 1/24*w**4. What is k(-4)?
16
Let n = 30 - -42. Let a = n - 29. Let d(y) = -5 + 1 + 6*y**3 - a*y + 41*y + 5. What is d(1)?
5
Let n(z) = -5*z**3 - 7*z**2 - 3*z + 2. Let m(r) = -14*r**3 - 20*r**2 - 9*r + 5. Let h(t) = 4*m(t) - 11*n(t). Let j = 13151 - 13152. Calculate h(j).
-1
Let u(i) = 4*i**3 - 2*i**2 + i. Let r(l) = 10*l + 97. Let w be r(-10). Let y(c) = -5*c**2 - 13*c + 7. Let o be y(w). What is u(o)?
3
Let f(t) = 9 - 3 + t**2 + 3352*t - 3349*t. Calculate f(-9).
60
Let f(a) = -a**2 + 167845*a + 167852*a + 125 - 335713*a. What is f(6)?
-7
Let y(x) = x**2 - 11*x + 22. Let p be y(9). Suppose 11*l - p*l = -21. Let r be (-11 + 10)*(-1 + l). Let v(h) = -h**3 + 4*h**2 + 2*h - 3. What is v(r)?
5
Suppose -n - 13 = 4*i - 49, 4*n = i + 8. Let r(d) be the first derivative of d**3/3 - 13*d**2/2 + 10*d - 855. What is r(i)?
-30
Suppose 2*k - 3*g - 71 = 0, 0 = -3*k + 5*g + 114 - 8. Let t(o) = 3*o - 100. Calculate t(k).
11
Let j(b) = 3*b + 6. Suppose -3*f + 13 - 7 = 0. Suppose -3*a + 5 = -f*v - 23, 2*a = 3*v + 32. Calculate j(v).
-18
Let d(v) = -v**2 - 10*v - 19. Let g be d(-7). Suppose 0 = 5*s - g*h - 6 - 24, 5*s - 5 = -3*h. Let t(x) = -s + 9 - 2*x - 7. Calculate t(-3).
4
Let i(t) = t**3 - 5*t**2 - 13*t - 11. Let u be i(7). Let f(q) = -q**2 - 3*q + 3. Calculate f(u).
-1
Suppose 0 = 2*u - 1230 + 1226. Let b(t) = 2*t**2 - 7*t + 11. Let g be b(u). Let s(i) = 5*i - 4. What is s(g)?
21
Let g(b) be the second derivative of -b**4/3 - 7*b**3/6 - 5*b**2 + 11*b + 10. Give g(-4).
-46
Suppose 4*q - 5*q = 0. Let r(z) = -3*z**2 + 27*z - 26. Let a = -579 + 574. Let b(k) = 5*k**2 - 43*k + 39. Let j(i) = a*b(i) - 8*r(i). Give j(q).
13
Let r(u) = 12*u. Suppose -o = 3*o + 3*p - 13, 3*o = -2*p + 10. Suppose o*b - 2*b = 18. Suppose 0 = 4*c - 13*c + b. What is r(c)?
12
Let b(w) = 23 - 4*w + 1 - 23*w**2 + 25*w**2 - 21 + 2. Let k be ((1 - 2) + 3)*2. Determine b(k).
21
Suppose 0 = -4*u + b + 1473, b + 1 = -0*b. Let y(a) = -u*a + a**2 - 1 + 123*a + 129*a + 126*a. Determine y(-9).
-10
Suppose 174 = -3*v + 6*v. Let p = v - 58. Let j(z) = 9 - z + 2*z - z + z. Calculate j(p).
9
Let o(d) = -55*d - 53. Let t be o(-1). Let g(z) = -4 + 5 + 5*z**t + 0*z + z**3 + 3*z. Suppose -a - 11 = 4*a - 3*l, -3*l + 3 = -3*a. Calculate g(a).
5
Suppose 68*w - 111 = 10*w + 21*w. Let i(t) be the second derivative of -t**3/6 + t**2/2 - 8*t. What is i(w)?
-2
Let u(m) = 5*m + 96. Let t(v) = 2*v - 38. Let g(r) = -t(r) - u(r). Give g(-9).
5
Let b(s) = -s**2 + 5*s - 1. Let q = 114 - 109. Suppose 14 + 46 = q*l. Let g be (l/7)/((-18)/(-63)). Determine b(g).
-7
Let x(u) = -u**2 + 6*u + 28. Let k(w) = -w**2 + 7*w + 22. Let q(f) = -4*k(f) + 3*x(f). Determine q(5).
-29
Suppose -130 = 21*g - 16*g. Let l be 390/g*3/15. Let d(r) be the first derivative of r**2 - 3*r + 1. Determine d(l).
-9
Let d(c) = c**2 - 3*c - 14. Suppose 5*l - 1 - 9 = 0, -3*m + 25 = 5*l. Determine d(m).
-4
Let c(a) = 3*a**2 + 68*a - 27. Suppose 2*z + n = -40, -3*z + 5*n = 119 - 20. Calculate c(z).
-4
Let p(i) = i**3 + 4*i**2 - 7*i + 4. Suppose -z + 4 = -4*z + 4*o, -1 = 5*z - o. Suppose 0*h - 5*h - 28 = -x, -4*h + 3*x - 18 = z. Calculate p(h).
-26
Let c(n) = -3*n**3 + 8*n**2 + 6*n. Let i(z) = z**3 - z**2. Let p(h) = -c(h) - 2*i(h). Let v = 305 - 337. Let y be 24/v - 3/(12/(-31)). What is p(y)?
7
Suppose 0 = 4*g - 4 - 12. 